9) + 151?
-24
Evaluate -115 + (-11 - (-124 + 108)).
-110
-6 - (-51 - (-7 + 14 + -2))
50
Calculate (-122 - -165) + (2 - 12) + -17 - 98.
-82
Calculate (8 - (-4 + -3 + 25 - 8)) + -4.
-6
What is 1 + -15 + 8 + 17 + -5 + -48?
-42
What is 3 - (27 - 4) - (466 + -477) - (55 + 2)?
-66
Calculate 0 - ((-1 - -1 - 17) + -5165 + 5165).
17
Evaluate 66 + 25 + (-16 - 20).
55
What is the value of (-590 - -554) + 84 + 6?
54
Calculate 1 + -132 - (509 - 572).
-68
Calculate -41 - (8 + (-128 - -82)).
-3
23 + -16 + 4 + 22
33
41 + -10 + (17 - 23) + 20
45
Calculate 45 + -29 + (-27 - -23) - (-29 + -1).
42
What is 11 + 11 + -66 - (3 - (7 - 5) - -5)?
-50
Calculate 1 + -1 - (12 - (-36 - -40)).
-8
Calculate 13 - 0 - (1351 + -1362 + (-1 - 43)).
68
23 - (-67 + (24 - -25))
41
What is the value of 36 + 18 + (-5 - 0) + (4 - -5) + -14?
44
What is the value of 9 + -24 - (-14 + (1 - (-10 - 50)))?
-62
Calculate 53 + -45 - (-5 + 2 + 21) - 10.
-20
Evaluate 8 - (-68 + -21 + -18).
115
Calculate (-48 - -43 - (-25 + -9)) + 4.
33
Evaluate -152 + (183 + -99 - 45).
-113
What is the value of (-1 - 8) + (-6 + -8 - -77 - (5 + -11))?
60
(538 - 457) + (0 - 54)
27
Calculate -1222 + 1242 - (-4 + 2 - -8).
14
Evaluate (-1 - 1) + (3 - -1 - (10 - -16 - -22)).
-46
Calculate 12 - (1 - 10 - (-4 - -30)) - (1 - -4).
42
What is 10 + -2 + (-8 - (-6 + 63 + -10)) + 5?
-42
What is (4 + -12 - 4) + 1 + -217 + 222 + 51?
45
Evaluate 87 + (-162 - -82) - (2 - (-17 + 1)).
-11
Evaluate (-82 - -2) + (3031 - 2927).
24
What is the value of (-33 - -11) + -23 + 31 - 19?
-33
Calculate (43 + -3 - (-43 - (-10 - 44))) + (0 - 4).
25
What is the value of 0 + 79 + 64 + (50 - 102) + (1 - 3)?
89
What is the value of 20 - (-39 + 97 + 6)?
-44
What is the value of 0 + 8 + -12 - (-1 - (1 + -9))?
-11
13 + -12 + 5 + (-3 - 5 - -7 - 26)
-21
Evaluate -45 - (50 - 41 - -3 - -1).
-58
-328 + 127 + 210 + (0 - -1) + -7
3
Evaluate 0 + (-3 - -14 - 14) + -125 - 11.
-139
What is 0 - (-2 + -25) - 0 - 71?
-44
What is the value of (46 - 82) + 18 - (-22 + 3)?
1
What is (-35 - (-91 + (5 - 22))) + -39?
34
-608 + 558 - (3 + -9)
-44
What is (-15 - -24) + 31 + -4 + 0 + 8 + -14?
30
Evaluate -26 + (-8 + 23 - 2) + 57.
44
What is 40 + 49 + -48 + 13?
54
Evaluate (30 - -2 - 11) + -13 + (1 - -6).
15
Evaluate -6 + 13 + 12 + (11 - 28).
2
56 + 1 + -39 + -55
-37
Calculate -117 + -2 - (-213 - -70).
24
What is (1 - 2) + 0 - 0 - (436 + -366 - 21)?
-50
What is 1 - ((-64 - -1) + (4 - 24 - (-35 + 21)))?
70
Evaluate ((11 - -4) + -9 - -17) + -14 + 3.
12
31 + (-6 - 40) + 20 - (0 + 77)
-72
-53 + -117 + 112 + -29
-87
Calculate -43 + (49 - 24) + -24.
-42
73 - 62 - (11 + 79)
-79
What is the value of (13 - 23) + (8 - 10) + 0 + -4 + 10?
-6
What is 1 + 2 + -1 - -14 - (446 + -459)?
29
Calculate (-52 - -85) + (20 - 90) + 36.
-1
(0 - (-2 - -19)) + -7294 + 7286
-25
What is the value of 9 + (0 - (-6 - -6) - (11 + -3))?
1
Calculate -159 - (-81 - 15) - (0 - (-1 - 8)).
-72
What is the value of -22 - (-3 - (19 + -23 + -9))?
-32
What is the value of (-1 - (0 + 8)) + -9 + (-25 - -25) + -24?
-42
What is the value of -1 - (-17 + (14 - 8) - (-7 - -1))?
4
Evaluate -84 + -12 + -26 + 13 + (17 - 12).
-104
What is -3002 + 3023 + (-9 - 1)?
11
31 + (0 + 13 + (-231 - -231) - 18)
26
What is the value of -13 - 16 - (151 + -168)?
-12
What is (-5 + (-31 - -32) - -1) + (0 - (24 + -2))?
-25
What is the value of -23 + -5 + -7 + 66 + 15?
46
Calculate 18 + (-30 - -18) - -7.
13
What is the value of (-10 - -5) + -24 + 18 + -15?
-26
What is the value of -68 + 34 + -11 + 57?
12
What is -70 - -1 - (-18 + (-1 - -37) + -53 + 40)?
-74
Evaluate (-1 - 66) + (-16 - (-6 - 14)).
-63
What is the value of -3 + 3 + (123 + -27 - 55)?
41
Calculate -56 + 8 + -46 - -42.
-52
What is 5 + (9 - 5) + (-75 - 24 - (16 - 3))?
-103
What is the value of -136 + 153 - (2 + 1 - -27)?
-13
Evaluate (-13 - -33) + -19 + -4 + 62 + 2.
61
47 - 1 - (-15667 + 15615)
98
What is the value of (20 - 6) + 8 + (-71 - -152)?
103
What is the value of 61 - (-6 + (13 - (36 - -4)))?
94
What is -25 + 45 - 43 - 3?
-26
What is -3 - 6 - (-11 + 16 + (14 - 8) - -15)?
-35
What is the value of 15 + -1 - (47 + -24 + 23 + -22)?
-10
60 + (0 - -1) - (0 + -5 - (179 - 194))
51
1 + -23 - ((14 - 4 - (1 + -13)) + -17)
-27
Calculate 79 - (-10 - (-20 + 1 - (339 - 353))).
84
Evaluate (16 - 1) + (-41 - -7 - 8 - -21) + 15.
9
-962 - -1036 - (5 + -47)
116
What is the value of (45 + -1 - 83 - (2 + -2)) + 12 + 0?
-27
6 - -1 - -4 - (71 - 40 - 24) - -83
87
Evaluate -52 - ((-6 + -1 - (8 + -14)) + (10 - -3)).
-64
What is the value of -333 - -296 - (0 + -21) - 4?
-20
What is the value of 22 + -24 + 3 + -9 - 62?
-70
Evaluate -4 - (29 + -8) - ((-20 - -9) + 18).
-32
Calculate -4342 + 4337 - (3 - 126).
118
What is -5 + -3 + -1 + 5 + 44 + -211 + 71?
-100
What is the value of (-23 - (-8 + 3 + 14)) + 110?
78
What is the value of 97 + -87 - (57 + 0 + (-7 - -4))?
-44
Evaluate -17 + 29 + (13 - (77 + -6) - 13).
-59
What is the value of -1 + -8 + (82 - (19 - -3) - -16 - 4)?
63
-33 - ((-11 - -17 - -12) + (-10 - (-3 - 2)))
-46
77 - 45 - (-46 - -122)
-44
What is 11 + -67 + (-57 - -52 - (5 - (0 - -13)))?
-53
What is (104 - 86 - (-1 + -25)) + -8?
36
What is the value of -30 - 2 - (1305 + -1323)?
-14
Evaluate -637 - -643 - (-19 - (4 - (2 - 1))).
28
Calculate 65 + -76 - ((-3 - -3) + 40 - 2).
-49
What is the value of (290 - 260) + -7 + 2 + -13?
12
Evaluate (-2 - 1) + (-6 - -22) + (-61 - 1).
-49
1 + 88 + (22 - 37 - -25) + -1 + -1
97
Evaluate -2 + 20 - (-28 + 12 + 12) - -8.
30
Calculate (-15 - (-22 + 12)) + 15 - (68 + 4).
-62
What is (5 - 2) + (9 - (8 - 14) - 9)?
9
-11 + 1 + -8 + 12 + -114 + 90
-30
What is the value of 44 - (-10 + 4 + 24 + (6 - 21 - 4))?
45
What is the value of (130 - (76 - -69)) + 68?
53
What is -12 - (36 + -52 - -38 - (12 + 2))?
-20
What is (-19 - 2) + 1 + (10606 - 10668)?
-82
What is the value of (-1 - 64) + 38 + (-31 - -2)?
-56
-7 - (-6 + -4 + (13 + -8 - 6) + -15)
19
-5 - (-72 - (-73 - -22))
16
Calculate -7 - (161 + -94 + -78).
4
What is the value of 2 + -1 - -2 - (-17 + 84 + -37 + -39)?
12
4 - (64 + (-6 - 78))
24
Evaluate (-18 - (6 - 48)) + -48.
-24
Calculate 3494 + -3609 + 19 + (3 - 4).
-97
What is (-66 - -129) + -63 + -135?
-135
What is (21 - (-24 - -21) - (2 + 1)) + 4?
25
Evaluate -15 - (-9 + -4) - (9 - 4) - (3 - 74).
64
What is 142 + -1 + (-517 - -490) - 18?
96
Calculate -12 + 4 + (1484 - 1462).
14
What is (-13 - -27) + -6 + -8 + -3 - (8 - -4)?
-15
Calculate -6 - 2 - (-57 - (-190 + 38) - (4 - -8)).
-91
What is -67 - (22 - 53 - 8)?
-28
-2 - (-6 + (5 - 4) - (40 - -8))
51
What is 17 + (-13 - 7 - -23 - -19)?
39
Calculate (33 - -24) + -191 - -88.
-46
What is 33 + (18 - 53 - -34) + 55?
87
10 - 1 - (-4 - -18 - -2) - -18
11
What is (68 + 1 - 176) + (-1 + 0 - -4)?
-104
What is 37 + -47 + 3 + (-4 - 33)?
-44
What is 0 - -122 - ((-7 - -1) + -1038 + 1063)?
103
(-59 - -61) + (-87 + 14 - 2)
-73
What is 10 + 98 - -10 - (40 - (29 - 1))?
106
-96 + (114 - -30) + (-3 + 3 - -2 - 12)
38
What is 80 + -65 - (2 + 54) - (2 - 0)?
-43
Calculate 9 + -32 + (4 - -27) - -81.
89
Calculate -4 + -17 + 10 + 12 - 8.
-7
-7 - -6 - 13 - (83 - 71)
-26
What is the value of -48 - (0 - (-12 - -60))?
0
Calculate -31 + (37 - (40 - 7)) + -41.
-68
What is -25 + (14 - -5) + (-2 - 0) + 51 + -59?
-16
Evaluate (2 - -97) + (-361 - -300).
38
(-341 - -290) + 94 + 0
43
What is (-7 - (-14 - -20)) + 8 + -15 + -4 + 9?
-15
Evaluate 0 + ((-31 - 31) + -70 - (-23 + 0)).
-109
Evaluate 6 - (41 + -14 - 25).
4
What is the value of -3 + -20 + (-42 - 0) + 39?
-26
What is the value of 38 - ((0 - 5) + -18 + (-19 - -31) + 5)?
44
Evaluate 971 - 1071 - (-28 - -5).
-77
Evaluate 15 + (6 - 18) - -4 - -17.
24
42 - ((-27 - (-14 - -10)) + 28)
37
Calculate -7 - (12 - (14 + 7)) - 66.
-64
Evaluate 2 + (-59 + 30 - 11).
-38
What is the value of 82 - (39 - -19) - (-1 + 31)?
-6
Evaluate -7 - ((-13 - (9 + -14)) + -11 + 11 + -2).
3
What is the value of (-68 + 80 - (-2 + 1 - -8)) + -52?
-47
56 + (-39 - 1) + 6
22
Evaluate -21 - (4 + -9) - (-146 - (-11 + -25)).
94
Calculate -17 + 62 + -26 + -11.
8
Evaluate (65 - -16) + -15 + -156.
-90
What is the value of -41 - (-98 + 146 + -194)?
105
Evaluate 9 - (-22 - ((-79 - 5) + 21) - (-6 - 2)).
-40
Evaluate 28 + (123 + -49 - 49).
53
What is -187 + (138 - 91) + 52?
-88
What is (-29 - -14) + 4 - 3 - -11 - (-3 + 9)?
-9
What is 70 + 5 + (1 - 3) + 